{"id":1925,"date":"2023-03-05T20:32:59","date_gmt":"2023-03-05T23:32:59","guid":{"rendered":"http:\/\/localhost\/autobras\/?page_id=1925"},"modified":"2024-04-03T10:37:55","modified_gmt":"2024-04-03T13:37:55","slug":"atuacao-2","status":"publish","type":"page","link":"https:\/\/autobras.com.br\/?page_id=1925","title":{"rendered":"Nossa Atua\u00e7\u00e3o"},"content":{"rendered":"\t\t<div data-elementor-type=\"wp-page\" data-elementor-id=\"1925\" class=\"elementor elementor-1925\">\n\t\t\t\t\t\t<section class=\"elementor-section elementor-top-section elementor-element elementor-element-71c975b elementor-section-full_width elementor-section-height-default elementor-section-height-default\" data-id=\"71c975b\" data-element_type=\"section\" data-settings=\"{&quot;background_background&quot;:&quot;slideshow&quot;,&quot;background_slideshow_gallery&quot;:[{&quot;id&quot;:1981,&quot;url&quot;:&quot;https:\\\/\\\/autobras.com.br\\\/wp-content\\\/uploads\\\/2024\\\/01\\\/bg1.jpg&quot;},{&quot;id&quot;:1884,&quot;url&quot;:&quot;https:\\\/\\\/autobras.com.br\\\/wp-content\\\/uploads\\\/2023\\\/02\\\/home-slider-1-slide-1.jpg&quot;}],&quot;background_slideshow_ken_burns&quot;:&quot;yes&quot;,&quot;background_slideshow_loop&quot;:&quot;yes&quot;,&quot;background_slideshow_slide_duration&quot;:5000,&quot;background_slideshow_slide_transition&quot;:&quot;fade&quot;,&quot;background_slideshow_transition_duration&quot;:500,&quot;background_slideshow_ken_burns_zoom_direction&quot;:&quot;in&quot;}\">\n\t\t\t\t\t\t\t<div class=\"elementor-background-overlay\"><\/div>\n\t\t\t\t\t\t\t<div class=\"elementor-container elementor-column-gap-default\">\n\t\t\t\t\t<div class=\"elementor-column elementor-col-100 elementor-top-column elementor-element elementor-element-6d1fc4f\" data-id=\"6d1fc4f\" data-element_type=\"column\">\n\t\t\t<div class=\"elementor-widget-wrap elementor-element-populated\">\n\t\t\t\t\t\t<div class=\"elementor-element elementor-element-ab03e16 elementor-widget elementor-widget-gva_post_breadcrumb\" data-id=\"ab03e16\" data-element_type=\"widget\" data-widget_type=\"gva_post_breadcrumb.default\">\n\t\t\t\t<div class=\"elementor-widget-container\">\n\t\t\t<div class=\"gva-element-gva_post_breadcrumb gva-element\">   \r\n<div class=\"post-breadcrumb\">\r\n   <div class=\"custom-breadcrumb \" >\r\n            <div class=\"breadcrumb-main\">\r\n        <div class=\"container\">\r\n          <div class=\"breadcrumb-container-inner\">\r\n            <h2 class=\"heading-title\">Nossa Atua\u00e7\u00e3o<\/h2><ol class=\"breadcrumb\"><li><a href=\"https:\/\/autobras.com.br\">Home<\/a> <\/li> <li class=\"active\">P\u00e1gina<\/li><\/ol>          <\/div>  \r\n        <\/div>   \r\n      <\/div>  \r\n   <\/div>\r\n<\/div>      \r\n\r\n<\/div>\t\t<\/div>\n\t\t\t\t<\/div>\n\t\t\t\t\t<\/div>\n\t\t<\/div>\n\t\t\t\t\t<\/div>\n\t\t<\/section>\n\t\t\t\t<section class=\"elementor-section elementor-top-section elementor-element elementor-element-86cbdd0 elementor-section-boxed elementor-section-height-default elementor-section-height-default\" data-id=\"86cbdd0\" data-element_type=\"section\" id=\"sistemas\" data-settings=\"{&quot;background_background&quot;:&quot;classic&quot;}\">\n\t\t\t\t\t\t<div class=\"elementor-container elementor-column-gap-default\">\n\t\t\t\t\t<div class=\"elementor-column elementor-col-50 elementor-top-column elementor-element elementor-element-3db1a7a\" data-id=\"3db1a7a\" data-element_type=\"column\">\n\t\t\t<div class=\"elementor-widget-wrap elementor-element-populated\">\n\t\t\t\t\t\t<div class=\"elementor-element elementor-element-2caf632 elementor-widget elementor-widget-gva-heading-block\" data-id=\"2caf632\" data-element_type=\"widget\" data-widget_type=\"gva-heading-block.default\">\n\t\t\t\t<div class=\"elementor-widget-container\">\n\t\t\t<div class=\"gva-element-gva-heading-block gva-element\">   <div class=\"align-left style-1 widget gsc-heading box-align-left auto-responsive\">\r\n      <div class=\"content-inner\">\r\n         \r\n         \r\n           \r\n         \r\n                     <h2 class=\"title\">\r\n               <span>Implanta\u00e7\u00e3o de Sistemas<\/span>\r\n            <\/h2>\r\n                              <div class=\"title-desc\">Implantamos solu\u00e7\u00f5es completas e modernas, personalizadas ao seu neg\u00f3cio e necessidade. Nossa abordagem orientada para resultados visa n\u00e3o apenas atender, mas superar as expectativas de nossos clientes. \n<br><br>Aplicamos as mais avan\u00e7adas tecnologias de automa\u00e7\u00e3o predial, detec\u00e7\u00e3o e alarme de inc\u00eandio, controle de acesso, CFTV e IoT, al\u00e9m de tecnologias secund\u00e1rias, como cabeamento estruturado, telefonia, CATV, sistemas de alarme perimetral etc.\n<br><br>\n- Apresentamos solu\u00e7\u00f5es de engenharia aplicada nos projetos.<br>\n- Entrega de servi\u00e7os com equipes certificadas prezando pela qualidade e agilidade na entrega.<br>\n- Servi\u00e7o de p\u00f3s atendimento e garantia dos produtos e servi\u00e7os.<br>\n- Mais de <b>10 anos<\/b> de experiencia aplicando um amplo portf\u00f3lio de marcas.<\/div>\r\n         \r\n         \r\n      <\/div>\r\n   <\/div>\r\n<\/div>\t\t<\/div>\n\t\t\t\t<\/div>\n\t\t\t\t\t<\/div>\n\t\t<\/div>\n\t\t\t\t<div class=\"elementor-column elementor-col-50 elementor-top-column elementor-element elementor-element-973cc10\" data-id=\"973cc10\" data-element_type=\"column\">\n\t\t\t<div class=\"elementor-widget-wrap elementor-element-populated\">\n\t\t\t\t\t\t<div class=\"elementor-element elementor-element-1cbfb4a elementor-widget__width-inherit elementor-widget elementor-widget-image\" data-id=\"1cbfb4a\" data-element_type=\"widget\" data-widget_type=\"image.default\">\n\t\t\t\t<div class=\"elementor-widget-container\">\n\t\t\t\t\t\t\t\t\t\t\t\t\t<img fetchpriority=\"high\" decoding=\"async\" width=\"560\" height=\"690\" src=\"https:\/\/autobras.com.br\/wp-content\/uploads\/2024\/04\/bso-560x690-1.jpg\" class=\"attachment-full size-full wp-image-3678\" alt=\"\" \/>\t\t\t\t\t\t\t\t\t\t\t\t\t<\/div>\n\t\t\t\t<\/div>\n\t\t\t\t\t<\/div>\n\t\t<\/div>\n\t\t\t\t\t<\/div>\n\t\t<\/section>\n\t\t\t\t<section class=\"elementor-section elementor-top-section elementor-element elementor-element-2a3e969 elementor-section-boxed elementor-section-height-default elementor-section-height-default\" data-id=\"2a3e969\" data-element_type=\"section\" id=\"manutencao\" data-settings=\"{&quot;background_background&quot;:&quot;classic&quot;}\">\n\t\t\t\t\t\t<div class=\"elementor-container elementor-column-gap-default\">\n\t\t\t\t\t<div class=\"elementor-column elementor-col-50 elementor-top-column elementor-element elementor-element-e274347\" data-id=\"e274347\" data-element_type=\"column\">\n\t\t\t<div class=\"elementor-widget-wrap elementor-element-populated\">\n\t\t\t\t\t\t<div class=\"elementor-element elementor-element-3a0a73e elementor-widget elementor-widget-gva-heading-block\" data-id=\"3a0a73e\" data-element_type=\"widget\" data-widget_type=\"gva-heading-block.default\">\n\t\t\t\t<div class=\"elementor-widget-container\">\n\t\t\t<div class=\"gva-element-gva-heading-block gva-element\">   <div class=\"align-left style-1 widget gsc-heading box-align-left auto-responsive\">\r\n      <div class=\"content-inner\">\r\n         \r\n         \r\n           \r\n         \r\n                     <h2 class=\"title\">\r\n               <span>Manuten\u00e7\u00e3o<\/span>\r\n            <\/h2>\r\n                              <div class=\"title-desc\">Em um mundo onde a velocidade e a efici\u00eancia s\u00e3o essenciais, contar com uma equipe especializada se torna um diferencial fundamental. Na Autobras, orgulhamo-nos de oferecer um servi\u00e7o que vai al\u00e9m das expectativas, gra\u00e7as \u00e0 nossa equipe altamente treinada e dedicada.<br><br>\n- Nossa equipe especializada \u00e9 formada por profissionais certificados nos mais diversos sistemas e est\u00e1 aqui para tornar sua jornada mais f\u00e1cil e mais bem-sucedida. Conte conosco para enfrentar os desafios do presente e do futuro, enquanto trabalhamos juntos para alcan\u00e7ar seus objetivos.<br><br>\n- Opera\u00e7\u00e3o 24 horas por dia, 7 dias por semana \u00e9 a nossa promessa. Sabemos que as demandas de neg\u00f3cios n\u00e3o t\u00eam hora marcada, e \u00e9 por isso que estamos sempre dispon\u00edveis para atender \u00e0s necessidades de nossos clientes, estejam eles onde estiverem e quando precisarem.<br><br>\n- Nosso compromisso com o atendimento personalizado \u00e9 o que nos destaca. Cada intera\u00e7\u00e3o com nossos clientes \u00e9 tratada com cuidado e aten\u00e7\u00e3o individualizada, garantindo que suas necessidades sejam atendidas de maneira eficaz e satisfat\u00f3ria. N\u00e3o importa o tamanho do desafio, estamos aqui para ajudar.<br><br>\n- Oferecemos assist\u00eancia remota de \u00faltima gera\u00e7\u00e3o, permitindo que nossos clientes recebam suporte instant\u00e2neo onde quer que estejam. Com tecnologia avan\u00e7ada e uma equipe experiente ao seu lado, os problemas s\u00e3o resolvidos de forma r\u00e1pida e eficiente, minimizando qualquer impacto negativo em suas opera\u00e7\u00f5es.<\/div>\r\n         \r\n         \r\n      <\/div>\r\n   <\/div>\r\n<\/div>\t\t<\/div>\n\t\t\t\t<\/div>\n\t\t\t\t\t<\/div>\n\t\t<\/div>\n\t\t\t\t<div class=\"elementor-column elementor-col-50 elementor-top-column elementor-element elementor-element-6834ec1\" data-id=\"6834ec1\" data-element_type=\"column\">\n\t\t\t<div class=\"elementor-widget-wrap elementor-element-populated\">\n\t\t\t\t\t\t<div class=\"elementor-element elementor-element-e1d88dd elementor-widget elementor-widget-image\" data-id=\"e1d88dd\" data-element_type=\"widget\" data-widget_type=\"image.default\">\n\t\t\t\t<div class=\"elementor-widget-container\">\n\t\t\t\t\t\t\t\t\t\t\t\t\t<img decoding=\"async\" width=\"670\" height=\"720\" src=\"https:\/\/autobras.com.br\/wp-content\/uploads\/2023\/02\/img-sobre.jpg\" class=\"attachment-full size-full wp-image-1880\" alt=\"\" \/>\t\t\t\t\t\t\t\t\t\t\t\t\t<\/div>\n\t\t\t\t<\/div>\n\t\t\t\t\t<\/div>\n\t\t<\/div>\n\t\t\t\t\t<\/div>\n\t\t<\/section>\n\t\t\t\t<section class=\"elementor-section elementor-top-section elementor-element elementor-element-cfe9709 elementor-section-boxed elementor-section-height-default elementor-section-height-default\" data-id=\"cfe9709\" data-element_type=\"section\" id=\"retrofit\" data-settings=\"{&quot;background_background&quot;:&quot;classic&quot;}\">\n\t\t\t\t\t\t<div class=\"elementor-container elementor-column-gap-default\">\n\t\t\t\t\t<div class=\"elementor-column elementor-col-50 elementor-top-column elementor-element elementor-element-b600727\" data-id=\"b600727\" data-element_type=\"column\">\n\t\t\t<div class=\"elementor-widget-wrap elementor-element-populated\">\n\t\t\t\t\t\t<div class=\"elementor-element elementor-element-3ce9dddb elementor-widget elementor-widget-gva-heading-block\" data-id=\"3ce9dddb\" data-element_type=\"widget\" data-widget_type=\"gva-heading-block.default\">\n\t\t\t\t<div class=\"elementor-widget-container\">\n\t\t\t<div class=\"gva-element-gva-heading-block gva-element\">   <div class=\"align-left style-1 widget gsc-heading box-align-left auto-responsive\">\r\n      <div class=\"content-inner\">\r\n         \r\n         \r\n           \r\n         \r\n                     <h2 class=\"title\">\r\n               <span>Retrofit<\/span>\r\n            <\/h2>\r\n                              <div class=\"title-desc\">O servi\u00e7o de retrofit \u00e9 a resposta para um investimento de melhorias eficiente, rent\u00e1vel e inovador. A Autobras oferece o servi\u00e7o de retrofit adequado as necessidades do cliente apresentando o que a de mais moderno e inteligente.<br><br>\n\nRealizamos um estudo do projeto, buscamos melhorias no sistema que trar\u00e3o economias financeiras e administrativas, e aplicamos nossa expertise nas melhores e mais atuais solu\u00e7\u00f5es do mercado. Reduzimos os custos de manuten\u00e7\u00e3o e agregamos valor ao empreendimento.<\/div>\r\n         \r\n         \r\n      <\/div>\r\n   <\/div>\r\n<\/div>\t\t<\/div>\n\t\t\t\t<\/div>\n\t\t\t\t\t<\/div>\n\t\t<\/div>\n\t\t\t\t<div class=\"elementor-column elementor-col-50 elementor-top-column elementor-element elementor-element-bdc7059\" data-id=\"bdc7059\" data-element_type=\"column\">\n\t\t\t<div class=\"elementor-widget-wrap elementor-element-populated\">\n\t\t\t\t\t\t<div class=\"elementor-element elementor-element-c8d5d81 elementor-widget elementor-widget-image\" data-id=\"c8d5d81\" data-element_type=\"widget\" data-widget_type=\"image.default\">\n\t\t\t\t<div class=\"elementor-widget-container\">\n\t\t\t\t\t\t\t\t\t\t\t\t\t<img decoding=\"async\" width=\"560\" height=\"420\" src=\"https:\/\/autobras.com.br\/wp-content\/uploads\/2024\/04\/Captura-de-tela-2024-04-02-164437-560x420.png\" class=\"attachment-post-thumbnail size-post-thumbnail wp-image-3578\" alt=\"\" \/>\t\t\t\t\t\t\t\t\t\t\t\t\t<\/div>\n\t\t\t\t<\/div>\n\t\t\t\t\t<\/div>\n\t\t<\/div>\n\t\t\t\t\t<\/div>\n\t\t<\/section>\n\t\t\t\t<section class=\"elementor-section elementor-top-section elementor-element elementor-element-c1d9ef8 elementor-section-boxed elementor-section-height-default elementor-section-height-default\" data-id=\"c1d9ef8\" data-element_type=\"section\" id=\"operacional\" data-settings=\"{&quot;background_background&quot;:&quot;classic&quot;}\">\n\t\t\t\t\t\t<div class=\"elementor-container elementor-column-gap-default\">\n\t\t\t\t\t<div class=\"elementor-column elementor-col-50 elementor-top-column elementor-element elementor-element-db2439b\" data-id=\"db2439b\" data-element_type=\"column\">\n\t\t\t<div class=\"elementor-widget-wrap elementor-element-populated\">\n\t\t\t\t\t\t<div class=\"elementor-element elementor-element-5539129 elementor-widget elementor-widget-gva-heading-block\" data-id=\"5539129\" data-element_type=\"widget\" data-widget_type=\"gva-heading-block.default\">\n\t\t\t\t<div class=\"elementor-widget-container\">\n\t\t\t<div class=\"gva-element-gva-heading-block gva-element\">   <div class=\"align-left style-1 widget gsc-heading box-align-left auto-responsive\">\r\n      <div class=\"content-inner\">\r\n         \r\n         \r\n           \r\n         \r\n                     <h2 class=\"title\">\r\n               <span>Central de Opera\u00e7\u00e3o Remota<\/span>\r\n            <\/h2>\r\n                              <div class=\"title-desc\">A Central de Opera\u00e7\u00e3o Remota da Autobras \u00e9 a pe\u00e7a fundamental que garante a opera\u00e7\u00e3o suave e eficiente do seu empreendimento, proporcionando retorno financeiro. <br><br>Nosso monitoramento de sistema permite que executemos a leitura de sensores como os de vaz\u00e3o, press\u00e3o, qualidade do ar, entre outros. Tamb\u00e9m permite que supervisionemos os sistemas de HVAC, ilumina\u00e7\u00e3o, medi\u00e7\u00e3o de energia, assim como gerar relat\u00f3rios para an\u00e1lises de efici\u00eancia t\u00e9cnica e financeira.\n<br><br>\nNossos principais diferenciais incluem opera\u00e7\u00e3o ininterrupta, monitoramento remoto avan\u00e7ado, solu\u00e7\u00e3o inteligente com assist\u00eancia 24 horas, e integra\u00e7\u00e3o total com sistemas de seguran\u00e7a. Com uma equipe altamente treinada, agimos de forma preditiva, assegurando o funcionamento impec\u00e1vel de todos os componentes do seu neg\u00f3cio.<\/div>\r\n         \r\n         \r\n      <\/div>\r\n   <\/div>\r\n<\/div>\t\t<\/div>\n\t\t\t\t<\/div>\n\t\t\t\t\t<\/div>\n\t\t<\/div>\n\t\t\t\t<div class=\"elementor-column elementor-col-50 elementor-top-column elementor-element elementor-element-fa9998e\" data-id=\"fa9998e\" data-element_type=\"column\">\n\t\t\t<div class=\"elementor-widget-wrap elementor-element-populated\">\n\t\t\t\t\t\t<div class=\"elementor-element elementor-element-aeff0e9 elementor-widget__width-initial elementor-widget elementor-widget-image\" data-id=\"aeff0e9\" data-element_type=\"widget\" data-widget_type=\"image.default\">\n\t\t\t\t<div class=\"elementor-widget-container\">\n\t\t\t\t\t\t\t\t\t\t\t\t\t<img loading=\"lazy\" decoding=\"async\" width=\"800\" height=\"500\" src=\"https:\/\/autobras.com.br\/wp-content\/uploads\/2024\/04\/Design-sem-nome-2024-04-02T104131.922.png\" class=\"attachment-large size-large wp-image-3491\" alt=\"\" srcset=\"https:\/\/autobras.com.br\/wp-content\/uploads\/2024\/04\/Design-sem-nome-2024-04-02T104131.922.png 800w, https:\/\/autobras.com.br\/wp-content\/uploads\/2024\/04\/Design-sem-nome-2024-04-02T104131.922-768x480.png 768w\" sizes=\"(max-width: 800px) 100vw, 800px\" \/>\t\t\t\t\t\t\t\t\t\t\t\t\t<\/div>\n\t\t\t\t<\/div>\n\t\t\t\t\t<\/div>\n\t\t<\/div>\n\t\t\t\t\t<\/div>\n\t\t<\/section>\n\t\t\t\t<\/div>\n\t\t","protected":false},"excerpt":{"rendered":"<p>Nossa Atua\u00e7\u00e3o Home P\u00e1gina Implanta\u00e7\u00e3o de Sistemas Implantamos solu\u00e7\u00f5es completas e modernas, personalizadas ao seu neg\u00f3cio e necessidade. Nossa abordagem orientada para resultados visa n\u00e3o apenas atender, mas superar as expectativas de nossos clientes. Aplicamos as mais avan\u00e7adas tecnologias de automa\u00e7\u00e3o predial, detec\u00e7\u00e3o e alarme de inc\u00eandio, controle de acesso, CFTV e IoT, al\u00e9m de [&hellip;]<\/p>\n","protected":false},"author":1,"featured_media":0,"parent":0,"menu_order":0,"comment_status":"closed","ping_status":"closed","template":"","meta":{"footnotes":""},"class_list":["post-1925","page","type-page","status-publish","hentry"],"_links":{"self":[{"href":"https:\/\/autobras.com.br\/index.php?rest_route=\/wp\/v2\/pages\/1925"}],"collection":[{"href":"https:\/\/autobras.com.br\/index.php?rest_route=\/wp\/v2\/pages"}],"about":[{"href":"https:\/\/autobras.com.br\/index.php?rest_route=\/wp\/v2\/types\/page"}],"author":[{"embeddable":true,"href":"https:\/\/autobras.com.br\/index.php?rest_route=\/wp\/v2\/users\/1"}],"replies":[{"embeddable":true,"href":"https:\/\/autobras.com.br\/index.php?rest_route=%2Fwp%2Fv2%2Fcomments&post=1925"}],"version-history":[{"count":100,"href":"https:\/\/autobras.com.br\/index.php?rest_route=\/wp\/v2\/pages\/1925\/revisions"}],"predecessor-version":[{"id":3734,"href":"https:\/\/autobras.com.br\/index.php?rest_route=\/wp\/v2\/pages\/1925\/revisions\/3734"}],"wp:attachment":[{"href":"https:\/\/autobras.com.br\/index.php?rest_route=%2Fwp%2Fv2%2Fmedia&parent=1925"}],"curies":[{"name":"wp","href":"https:\/\/api.w.org\/{rel}","templated":true}]}}